{"id":456,"date":"2026-04-09T12:46:15","date_gmt":"2026-04-09T12:46:15","guid":{"rendered":"https:\/\/www.contributive.org\/?page_id=456"},"modified":"2026-04-09T12:48:05","modified_gmt":"2026-04-09T12:48:05","slug":"nous-rejoindre","status":"publish","type":"page","link":"https:\/\/www.contributive.org\/index.php\/nous-rejoindre\/","title":{"rendered":"Nous rejoindre"},"content":{"rendered":"\n<p>Vous \u00eates chercheur\u00b7se et vos \u00e9tudes portent sur un domaine impact\u00e9 par l&#8217;activit\u00e9 contributive ?<\/p>\n\n\n\n<p>Vous travaillez dans une entreprise qui prend sa responsabilit\u00e9 sociale et environnementale au s\u00e9rieux ? Une entreprise impliqu\u00e9e aupr\u00e8s de ses parties prenantes, de son territoire (ses territoires) et sa fili\u00e8re (ses fili\u00e8res) ?<\/p>\n\n\n\n<p>Vous \u0153uvrez dans une association et vous vous posez des questions sur votre mod\u00e8le \u00e9conomique durable ?<\/p>\n\n\n\n<p>Vous \u00eates un contributeur vous-m\u00eames et vous avez envie de participer \u00e0 la reconnaissance de l&#8217;activit\u00e9 contributive ?<\/p>\n\n\n\n<p>Vous \u00eates un acteur du service public et vous vous int\u00e9ressez \u00e0 l&#8217;engagement ?<\/p>\n\n\n\n<p><strong>Rejoignez un de nos programmes <\/strong>: prenez un r\u00f4le en tant que b\u00e9n\u00e9vole, participez aux s\u00e9minaires de notre centre de recherche, adh\u00e9rez \u00e0 l&#8217;un de nos cercles de r\u00e9flexion &#8220;scitoyen&#8221; (scientifique et citoyen). <\/p>\n\n\n\n<p>Deux cercles seront ouverts \u00e0 la fin 2026 : Le Cercle &#8220;Sport&#8221; et le Cercle &#8220;Entreprises et \u00e9conomie contributive&#8221;.<\/p>\n\n\n<style id=\"wpforms-css-vars-351-block-bed087e0-45e5-4a13-bf03-ee80dd2b5ef1\">\n\t\t\t\t#wpforms-351.wpforms-block-bed087e0-45e5-4a13-bf03-ee80dd2b5ef1 {\n\t\t\t\t--wpforms-field-size-input-height: 43px;\n--wpforms-field-size-input-spacing: 15px;\n--wpforms-field-size-font-size: 16px;\n--wpforms-field-size-line-height: 19px;\n--wpforms-field-size-padding-h: 14px;\n--wpforms-field-size-checkbox-size: 16px;\n--wpforms-field-size-sublabel-spacing: 5px;\n--wpforms-field-size-icon-size: 1;\n--wpforms-label-size-font-size: 16px;\n--wpforms-label-size-line-height: 19px;\n--wpforms-label-size-sublabel-font-size: 14px;\n--wpforms-label-size-sublabel-line-height: 17px;\n--wpforms-button-size-font-size: 17px;\n--wpforms-button-size-height: 41px;\n--wpforms-button-size-padding-h: 15px;\n--wpforms-button-size-margin-top: 10px;\n\t\t\t}\n\t\t\t<\/style><div class=\"wpforms-container wpforms-container-full wpforms-block wpforms-block-bed087e0-45e5-4a13-bf03-ee80dd2b5ef1 wpforms-render-modern\" id=\"wpforms-351\"><form id=\"wpforms-form-351\" class=\"wpforms-validate wpforms-form wpforms-ajax-form\" data-formid=\"351\" method=\"post\" enctype=\"multipart\/form-data\" action=\"\/index.php\/wp-json\/wp\/v2\/pages\/456\" data-token=\"b818797c5d9edb674458ba3d39a309da\" data-token-time=\"1775774264\"><noscript class=\"wpforms-error-noscript\">Please enable JavaScript in your browser to complete this form.<\/noscript><div id=\"wpforms-error-noscript\" style=\"display: none;\">Please enable JavaScript in your browser to complete this form.<\/div><div class=\"wpforms-field-container\"><div id=\"wpforms-351-field_1-container\" class=\"wpforms-field wpforms-field-name\" data-field-id=\"1\"><fieldset><legend class=\"wpforms-field-label\">Nom <span class=\"wpforms-required-label\" aria-hidden=\"true\">*<\/span><\/legend><div class=\"wpforms-field-row wpforms-field-medium\"><div class=\"wpforms-field-row-block wpforms-first wpforms-one-half\"><input type=\"text\" id=\"wpforms-351-field_1\" class=\"wpforms-field-name-first wpforms-field-required\" name=\"wpforms[fields][1][first]\" placeholder=\"Pr\u00e9nom\" aria-errormessage=\"wpforms-351-field_1-error\" required><label for=\"wpforms-351-field_1\" class=\"wpforms-field-sublabel after wpforms-sublabel-hide\">First<\/label><\/div><div class=\"wpforms-field-row-block wpforms-one-half\"><input type=\"text\" id=\"wpforms-351-field_1-last\" class=\"wpforms-field-name-last wpforms-field-required\" name=\"wpforms[fields][1][last]\" placeholder=\"Nom\" aria-errormessage=\"wpforms-351-field_1-last-error\" required><label for=\"wpforms-351-field_1-last\" class=\"wpforms-field-sublabel after wpforms-sublabel-hide\">Last<\/label><\/div><\/div><\/fieldset><\/div>\t\t<div id=\"wpforms-351-field_4-container\"\n\t\t\tclass=\"wpforms-field wpforms-field-text\"\n\t\t\tdata-field-type=\"text\"\n\t\t\tdata-field-id=\"4\"\n\t\t\t>\n\t\t\t<label class=\"wpforms-field-label\" for=\"wpforms-351-field_4\" >Message Nom Email<\/label>\n\t\t\t<input type=\"text\" id=\"wpforms-351-field_4\" class=\"wpforms-field-medium\" name=\"wpforms[fields][4]\" >\n\t\t<\/div>\n\t\t<div id=\"wpforms-351-field_2-container\" class=\"wpforms-field wpforms-field-email\" data-field-id=\"2\"><label class=\"wpforms-field-label\" for=\"wpforms-351-field_2\">Email <span class=\"wpforms-required-label\" aria-hidden=\"true\">*<\/span><\/label><input type=\"email\" id=\"wpforms-351-field_2\" class=\"wpforms-field-medium wpforms-field-required\" name=\"wpforms[fields][2]\" spellcheck=\"false\" aria-errormessage=\"wpforms-351-field_2-error\" required><\/div><div id=\"wpforms-351-field_3-container\" class=\"wpforms-field wpforms-field-textarea\" data-field-id=\"3\"><label class=\"wpforms-field-label\" for=\"wpforms-351-field_3\">Message<\/label><textarea id=\"wpforms-351-field_3\" class=\"wpforms-field-medium\" name=\"wpforms[fields][3]\" aria-errormessage=\"wpforms-351-field_3-error\" ><\/textarea><\/div><script>\n\t\t\t\t( function() {\n\t\t\t\t\tconst style = document.createElement( 'style' );\n\t\t\t\t\tstyle.appendChild( document.createTextNode( '#wpforms-351-field_4-container { position: absolute !important; overflow: hidden !important; display: inline !important; height: 1px !important; width: 1px !important; z-index: -1000 !important; padding: 0 !important; } #wpforms-351-field_4-container input { visibility: hidden; } #wpforms-conversational-form-page #wpforms-351-field_4-container label { counter-increment: none; }' ) );\n\t\t\t\t\tdocument.head.appendChild( style );\n\t\t\t\t\tdocument.currentScript?.remove();\n\t\t\t\t} )();\n\t\t\t<\/script><\/div><!-- .wpforms-field-container --><div class=\"wpforms-submit-container\" ><input type=\"hidden\" name=\"wpforms[id]\" value=\"351\"><input type=\"hidden\" name=\"page_title\" value=\"\"><input type=\"hidden\" name=\"page_url\" value=\"https:\/\/www.contributive.org\/index.php\/wp-json\/wp\/v2\/pages\/456\"><input type=\"hidden\" name=\"url_referer\" value=\"\"><button type=\"submit\" name=\"wpforms[submit]\" id=\"wpforms-submit-351\" class=\"wpforms-submit\" data-alt-text=\"En cours d&#039;envoi\" data-submit-text=\"Envoyer\" aria-live=\"assertive\" value=\"wpforms-submit\">Envoyer<\/button><img loading=\"lazy\" decoding=\"async\" src=\"https:\/\/www.contributive.org\/wp-content\/plugins\/wpforms-lite\/assets\/images\/submit-spin.svg\" class=\"wpforms-submit-spinner\" style=\"display: none;\" width=\"26\" height=\"26\" alt=\"Loading\"><\/div><\/form><\/div>  <!-- .wpforms-container -->","protected":false},"excerpt":{"rendered":"<p>Vous \u00eates chercheur\u00b7se et vos \u00e9tudes portent sur un domaine impact\u00e9 par l&#8217;activit\u00e9 contributive ? Vous travaillez dans une entreprise qui prend sa responsabilit\u00e9 sociale et environnementale au s\u00e9rieux ? Une entreprise impliqu\u00e9e aupr\u00e8s de ses parties prenantes, de son territoire (ses territoires) et sa fili\u00e8re (ses fili\u00e8res) ? Vous \u0153uvrez dans une association et [&hellip;]<\/p>\n","protected":false},"author":1,"featured_media":0,"parent":0,"menu_order":0,"comment_status":"closed","ping_status":"closed","template":"","meta":{"footnotes":""},"class_list":["post-456","page","type-page","status-publish","hentry"],"_links":{"self":[{"href":"https:\/\/www.contributive.org\/index.php\/wp-json\/wp\/v2\/pages\/456","targetHints":{"allow":["GET"]}}],"collection":[{"href":"https:\/\/www.contributive.org\/index.php\/wp-json\/wp\/v2\/pages"}],"about":[{"href":"https:\/\/www.contributive.org\/index.php\/wp-json\/wp\/v2\/types\/page"}],"author":[{"embeddable":true,"href":"https:\/\/www.contributive.org\/index.php\/wp-json\/wp\/v2\/users\/1"}],"replies":[{"embeddable":true,"href":"https:\/\/www.contributive.org\/index.php\/wp-json\/wp\/v2\/comments?post=456"}],"version-history":[{"count":2,"href":"https:\/\/www.contributive.org\/index.php\/wp-json\/wp\/v2\/pages\/456\/revisions"}],"predecessor-version":[{"id":459,"href":"https:\/\/www.contributive.org\/index.php\/wp-json\/wp\/v2\/pages\/456\/revisions\/459"}],"wp:attachment":[{"href":"https:\/\/www.contributive.org\/index.php\/wp-json\/wp\/v2\/media?parent=456"}],"curies":[{"name":"wp","href":"https:\/\/api.w.org\/{rel}","templated":true}]}}